 -3) - 4?
9
What is the value of -2 - -3 - -1 - -1?
3
What is the value of -4 - -9 - 2 - 6?
-3
Evaluate -7 + 0 + (7 + -7 - -2).
-5
Calculate -1 - 4 - (-32 + 35).
-8
3 + -1 + 1 - (42 + -39)
0
Evaluate -2 + (6 - -2) - 1.
5
Calculate (-20 - -10 - -12) + -9.
-7
Evaluate -2 - (3 + -2) - (1 + -3).
-1
Calculate (-3 - (10 + -6 - 1)) + -1.
-7
Evaluate 8 - (-3 + 15) - (2 + -1).
-5
What is -3 + -1 + 0 - 2?
-6
What is (-1 - -1) + -20 + (-20 - -33)?
-7
What is the value of -6 + 2 + 2 - (-2 + 4)?
-4
Evaluate 3 - (3 + (0 - 2) + 1).
1
What is the value of -4 - (-4 + (3 - -2))?
-5
Calculate 1 - (4 + 0) - (127 + -126).
-4
What is 3 - (3 - (3 + -1 - -2))?
4
4 - ((13 - 3) + -3) - 0
-3
What is the value of (-1 - 12 - -4) + 4?
-5
Evaluate 3 + -1 + (8 - 8).
2
Evaluate 5 + 0 + -5 - -7.
7
What is the value of (-3 - 15 - -11) + 2?
-5
(0 - 7) + (-18 + 19 - 2)
-8
Calculate 4 + -7 - (-4 - 2).
3
Evaluate -13 + (-3 - -3) + (30 - 22).
-5
-2 - (1 + -1) - (11 + -11)
-2
Evaluate 1 + 1 + 0 + (-3 - -6).
5
0 + (1 - 0) - (70 + -66)
-3
1 + -8 + 2 - (-12 + 10)
-3
What is the value of 0 + 1 + (0 - 2) + -1?
-2
What is the value of 10 - (7 - 3) - 6 - 4?
-4
What is (17 - (8 - (1 + 3))) + -5?
8
Evaluate -2 + (1 - (2 - -1)) + 2.
-2
Evaluate 0 + 1 - (-2 + (-2 - -3)).
2
-1 + -4 + 2 + 0
-3
-3 + 2 + -4 - 0
-5
What is the value of 11 + -9 + (3 - (-1 - -8))?
-2
Evaluate 4 - (-5 - -4 - -1).
4
What is 0 + 4 + (1 - 9)?
-4
What is (2 - 2) + (14 - 19)?
-5
Evaluate 4 + -1 + 1 + -3 + -2.
-1
Evaluate 8 + -5 + -7 + (-3 - 1).
-8
4 - (-2 + 0) - 5
1
What is 99 + -97 + 2 + 0?
4
Calculate -5 - ((-1 - -2) + (-17 - -10)).
1
Calculate 8 + 1 + -5 - 3.
1
-2 - 2 - (-5 - (6 - 4))
3
What is the value of 3 + (-5 - 0) - -2?
0
Calculate 11 + (-12 - -12) + -6 + 0.
5
4 + 3 - (-10 - -16)
1
What is -6 - 1 - -17 - 20?
-10
What is the value of (-5 - (-8 - -4)) + 3?
2
Calculate 1 - (-4 - (1 - 1)).
5
Calculate 1 + 1 + (0 - 4).
-2
What is the value of -6 + (7 - 4 - -3)?
0
What is 1 + -2 + 24 + -19?
4
Evaluate 3 + (4 - (9 + -3)).
1
What is the value of -9 + 10 - (-5 - -8)?
-2
What is (0 - 0) + (-4 - 1)?
-5
-3 - -7 - (4 + 5)
-5
What is -1 + 0 + (71 - 62)?
8
What is -1 + 4 + -3 + 5?
5
Evaluate 9 - (-7 - (7 - 19)).
4
What is (7 - 0) + (-34 - -30)?
3
-7 + (-9 - -9) + (0 - -2)
-5
What is 13 + (-10 - (5 + -10))?
8
What is the value of 44 + -52 + 0 + 6 + -1?
-3
What is (-7 + 6 - (-2 - 0)) + 1?
2
Calculate (20 - 19) + 0 + -5.
-4
What is the value of 1 + 2 + (5 - 7)?
1
Calculate -2 + -2 + 5 + 5.
6
Evaluate 18 - (14 + (7 - 10)).
7
1 + -4 + (-3 - (-15 + 4))
5
What is 0 + (2 - (0 - (-1 + 0)))?
1
Evaluate (-1 - (6 + 2)) + 0.
-9
Evaluate -2 + -2 - (2 - 6).
0
Evaluate 2 + 0 + (-11 - -9).
0
What is 7 + (-8 - (19 + -12))?
-8
What is 0 - 18 - (89 + -99)?
-8
What is the value of (-27 - (-1 - 8)) + 9?
-9
Evaluate -2 + (2 - 0) - (-4 - -2).
2
Calculate (-1 - -3) + -1 + -2 + -2.
-3
What is the value of (3 - (-1 + 1)) + (-51 - -48)?
0
Evaluate 48 + -52 + 0 + 1.
-3
Evaluate 5 - (-2 + -2 + 1 + 6).
2
What is -2 + (4 - (-1 + 4) - 0)?
-1
Calculate (3 - 3) + -1 + 2.
1
(0 - 0) + -1 - (9 + -12)
2
What is the value of (-9 + 16 - 10) + 2?
-1
What is -4 + (5 - 4) + -2 + 10?
5
Evaluate 1 + 1 + -1 + -19 + 14.
-4
Evaluate 15 - -2 - (-40 - -46).
11
What is the value of (4 - (9 - 12)) + -6?
1
What is the value of 1 + 17 + -13 + -3?
2
What is the value of -4 - (1 - 0 - 10)?
5
What is (-1 - 1) + 16 + -6 + -9?
-1
(-2 - -1) + 1 + 3
3
Calculate -5 + (-3 - (7 - 12)).
-3
2 + (-18 + 7 - -4)
-5
Evaluate 16 + -8 + (1 - (8 - 2)).
3
Calculate -5 + 1 + 6 - -1.
3
Evaluate (2 - 5 - -3) + (5 - 2).
3
Calculate -4 + (3 - -1 - (8 - 4)).
-4
What is -4 + (6 + -1 - 0)?
1
Evaluate 0 + (-3 - (1 + 4)) + 5.
-3
What is (0 - 0) + (-4 - 4 - -9)?
1
What is 4 - (0 - (2 + -4 - 1))?
1
What is the value of -4 - (-5 - (-2 + -2))?
-3
-3 - -3 - (-16 - -13)
3
Evaluate -3 + -4 + (-50 - -58).
1
What is -9 - -11 - (-5 + 10)?
-3
-4 + -5 - -1 - -5 - 2
-5
Calculate (10 - 7 - (-3 - -2)) + -1.
3
0 + 0 + 2 + 0
2
What is the value of -4 + 0 - (-2 + -3 + -2)?
3
What is the value of 4 + (4 - (1 + 1) - 3)?
3
What is (-1 - 2) + (16 - 15)?
-2
Evaluate -6 + -1 - (-1 + -8).
2
7 - 4 - (0 + 3 + -3)
3
Calculate -17 + 8 + 8 + 0 + -2.
-3
Evaluate (3 - 1) + (1 - 4) + -4.
-5
Calculate 2 + 6 - (64 + -50).
-6
What is (1 - 1 - 2) + -2?
-4
What is -4 + 7 + 2 + -8?
-3
What is 4 + (3 - 10) + -2?
-5
What is the value of -1 - (-2 + (-1 - -1))?
1
0 + (-2 - 1 - -1 - -4)
2
-2 + 3 + -1 - (-2 + 1)
1
What is the value of 2 + 0 - (1 - -2)?
-1
Calculate (14 - 14) + -11 + (4 - -1).
-6
Calculate -3 + (1 + (4 - 10) - -6).
-2
-42 - -32 - (1 - 5)
-6
1 + 5 + -10 + 11
7
What is -3 + 8 - (6 + 0) - 1?
-2
Calculate 5 + (-11 - (0 - 5)) - -4.
3
Calculate 0 - (0 + 0) - (-225 - -229).
-4
What is the value of -2 + 1 - (14 - (8 + 4))?
-3
What is the value of -4 + -1 - (-27 + 22)?
0
What is the value of -3 + (-13 - -6 - -1)?
-9
Calculate -4 + 4 + 3 + -4 - -6.
5
5 - (2 - (-4 - 5))
-6
Calculate -5 - (-5 + 6 + (-1 - 3)).
-2
What is 3 - (-6 + -3 + -1 + 22)?
-9
What is the value of 1 - (2 + 1 + 3 + -8)?
3
What is the value of -12 - (-17 - -2) - (5 + 1)?
-3
Evaluate 12 + -5 + (4 - 8).
3
4 - (-2 + (8 - 5))
3
Calculate -5 + -1 + 5 + -1 - 2.
-4
Calculate -5 - (-4 + 0 - -1).
-2
Calculate (9 - 12) + (4 - 2).
-1
What is (0 - -5 - (-10 - -13)) + -7?
-5
Evaluate -3 + (-12 + 25 - (4 - -1)).
5
Calculate -6 + 16 + -6 + 3.
7
What is -6 + 4 - (-10 + 7)?
1
What is the value of (7 - 10) + 8 + -12?
-7
Calculate -1 + 5 + -6 + 3 + -3.
-2
(0 - -4) + -15 + 2
-9
What is the value of -9 - (-5 + (7 - 6) + 0)?
-5
Calculate 9 + (-16 - (-6 + 2)).
-3
What is the value of -1 + -4 + 4 - (9 - 8)?
-2
What is 6 - 1 - 0 - (0 + 0)?
5
Calculate 5 - (-10 + 14 + 4).
-3
5 + -2 - (31 + -20)
-8
Evaluate -6 + (1 + 8 + -9 - 3).
-9
-3 + 1 + (-3 - -2 - -3)
0
What is the value of (2 - 0) + -19 + 2 + 25?
10
Evaluate 6 + -3 + -1 + -6.
-4
What is the value of 5 + -2 + -5 + -1 - 5?
-8
Evaluate -8 - (-2 - -3 - (68 + -60)).
-1
(3 + -3 - 2) + -25 + 24
-3
What is the value of 8 + -23 + 4 + 8?
-3
What is the value of 0 + (4 - 3) - 0 - 4?
-3
-6 + (8 - 5) - 3
-6
What is -2 + 5 - (4 - 2)?
1
What is -2 - (0 - -2) - -8?
4
0 + (3 - 3) + 3 - 5
-2
What is -2 + (-5 - (-8 - -5))?
-4
What is the value of (5 - -4) + (34 - 45)?
-2
Evaluate 1 + (0 - 0) + 4.
5
What is the value of -6 - (-16 - ((-2 - 2) + 1))?
7
What is the value of -7 - -6 - (8 + 3 - 4)?
-8
Calculate -6 + (14 - 12) + 6.
2
Calculate -15 + 6 + 8 + 7.
6
Calculate -4 - (-3 + -2 + 1).
0
What is 4 + (2 - 6) + 4?
4
What is the value of 4 + 1 + -2 - 9?
-6
(10 - (-3 + 3)) + -8
2
(-1 - 0) + -3 + -1 - -2
-3
What is the value of 1 - (2 + -1) - (-8 - -14)?
-6
Evaluate -5 + 5 + 0 + -2 + 2.
0
What is 5 + 7 + -5 + 1?
8
-1 - ((-5 - -6) + 0)
-2
Calculate (10 - 18 - -18) + -9.
1
Evaluate 10 + 3 + -12 + 2.
3
Evaluate -4 + (5 - (6 + (5 - 15))).
5
Calculate (14 - (3 - -4)) + -12.
-5
What is the value of 129 + -132 - (-2 + 0 + -1)?
0
What is the value of 3 - 0 - (-6 + 6 - 1)?
4
Evaluate 2 - ((5 - -2) + -3).
-2
What is the value of -1 + -4 + 7 + (2 - -1)?
5
Evaluate -19 - (6 + -28 + 11).
-8
(-2 + -1 - -2) + 0
-1
-2 + (-3 - 3 - 2)
-10
0 + 4 - (6 - 3)
1
(-22 - -34) + -8 + -1
3
(1 + (2 - -3) - -3) + -6
3
(-1 - 0) + 4 + -7 + 1
-3
Evaluate 0 + 3 + -5 + -3.
-5
What is the value of -5 + (2 - -3) + 2 - -1?
3
-2 + 6 + -3 - (0 + -1)
2
(9 - (-8 + 2)) + -6
9
Evaluate 17 - 16 - (1 - 2 - 2).
4
What is the value of -2 - (1 - -1) - -10?
6
What is (4 - (-8 + 2)) + -2?
8
Evaluate -64 + 75 + (-3 - 9).
-1
What is 2 - (-49 - -41 - (1 - 5))?
6
What is -19 + 4 + 10 - (1 - 0)?
-6
Calculate (-2 - 1) + (2 - (3 + -7)).
3
(5 - 6 - 0) + (-2 - -5)
2
Calculate 0 - -5 - (75 + -70).
0
What is (-6 - -2) + (13 - (11 - -3))?
-5
What is the value of -4 - (6 - (-14 - -8 - -9))?
-7
(-7 - -10) + (0 - (1 - -1))
1
Evaluate -6 + (-1 - -11) - (6 + -1).
-1
Evaluate 1 - -4 - (20 - 0 - 12).
-3
(19 - 1) + (88 - 99)
7
What is 2 + (-2 - (-2 - -1))?
1
Evaluate 8 - (5 + 2) - 1.
0
-6 + (8 - 9) - (1 - 10)
2
2 + -2 - 1 - 1
-2
Evaluate (8 - (3 - -3)) + -3.
-1
Calculate 4 + -2 + (-9 - -3 - -7).
3
Evaluate (-10 - (-1 - 6)) + (1 - 4).
-6
-2 + (1 - -6) + (-5 - -8)
8
What is -9 + (-13 + 5 - -22)?
5
Calculate 3 + (3 - (13 + -3)) + 3.
-1
What is the value of -6 + 7 + (-4 - (5 + -10))?
2
What is the value of -13 - ((19 - 21) + -5 + 1)?
-7
Evaluate 10